3
3
1c (base 13) to base 7
34
-2 (base 3) to base 7
-2
Convert 223 (base 5) to base 12.
53
Convert 101110 (base 2) to base 5.
141
3 (base 14) to base 7
3
Convert 1 (base 15) to base 11.
1
Convert 4 (base 6) to base 16.
4
-8 (base 12) to base 2
-1000
-25 (base 6) to base 9
-18
-141 (base 7) to base 8
-116
Convert 2d (base 15) to base 11.
3a
Convert 1 (base 12) to base 3.
1
Convert -2a (base 14) to base 3.
-1102
-21 (base 11) to base 8
-27
3 (base 9) to base 3
10
What is 9 (base 13) in base 12?
9
What is -175 (base 12) in base 8?
-351
-10 (base 14) to base 13
-11
-223 (base 5) to base 4
-333
What is -23 (base 6) in base 10?
-15
6 (base 9) to base 5
11
Convert b6 (base 13) to base 2.
10010101
-5 (base 13) to base 8
-5
Convert 8d (base 15) to base 16.
85
7 (base 15) to base 16
7
Convert 23 (base 14) to base 4.
133
-2 (base 13) to base 5
-2
Convert -172 (base 8) to base 11.
-101
14 (base 5) to base 11
9
-2 (base 8) to base 3
-2
-3 (base 4) to base 9
-3
-1a (base 12) to base 7
-31
What is 29 (base 11) in base 15?
21
Convert -24 (base 7) to base 8.
-22
What is -157 (base 12) in base 14?
-111
Convert -1a (base 13) to base 15.
-18
-4 (base 11) to base 16
-4
What is 1010 (base 4) in base 2?
1000100
What is -5 (base 9) in base 14?
-5
1 (base 4) to base 5
1
11 (base 4) to base 9
5
3 (base 12) to base 15
3
Convert 0 (base 8) to base 11.
0
What is -17 (base 16) in base 5?
-43
Convert 131 (base 10) to base 9.
155
Convert 184 (base 14) to base 15.
15c
What is 20 (base 13) in base 10?
26
Convert 166 (base 12) to base 10.
222
Convert -22 (base 5) to base 16.
-c
Convert 6 (base 10) to base 11.
6
-12 (base 12) to base 16
-e
What is 11 (base 2) in base 13?
3
Convert -1 (base 10) to base 12.
-1
-1010 (base 2) to base 7
-13
-63 (base 7) to base 3
-1200
Convert -113 (base 4) to base 8.
-27
Convert -21 (base 6) to base 8.
-15
1 (base 5) to base 4
1
Convert d2 (base 14) to base 8.
270
Convert -11 (base 13) to base 8.
-16
What is 1022 (base 3) in base 7?
50
37 (base 9) to base 2
100010
22 (base 12) to base 5
101
11032 (base 4) to base 15
174
What is 120 (base 5) in base 9?
38
110 (base 2) to base 9
6
What is -40 (base 15) in base 10?
-60
11010 (base 2) to base 16
1a
-138 (base 10) to base 3
-12010
Convert -2 (base 6) to base 15.
-2
-1 (base 14) to base 7
-1
4 (base 7) to base 15
4
What is -234 (base 8) in base 2?
-10011100
0 (base 13) to base 7
0
5 (base 9) to base 2
101
101 (base 2) to base 15
5
What is 0 (base 4) in base 9?
0
12 (base 13) to base 14
11
What is 10 (base 2) in base 10?
2
13 (base 14) to base 9
18
What is 2 (base 3) in base 4?
2
What is 2001 (base 4) in base 13?
9c
Convert 3 (base 4) to base 9.
3
What is 1 (base 7) in base 12?
1
1 (base 8) to base 10
1
What is -540 (base 6) in base 7?
-411
Convert -3 (base 8) to base 13.
-3
What is 5 (base 6) in base 8?
5
3 (base 7) to base 2
11
What is -1122 (base 3) in base 14?
-32
What is -1 (base 6) in base 8?
-1
Convert 1121 (base 3) to base 6.
111
Convert 7 (base 15) to base 6.
11
-324 (base 5) to base 4
-1121
Convert b (base 15) to base 10.
11
Convert 3 (base 6) to base 3.
10
Convert 16 (base 14) to base 16.
14
-18 (base 14) to base 10
-22
What is 55 (base 16) in base 13?
67
Convert -4 (base 11) to base 2.
-100
32 (base 11) to base 5
120
What is -2 (base 10) in base 13?
-2
Convert -3 (base 6) to base 2.
-11
-1 (base 8) to base 15
-1
What is -5 (base 6) in base 3?
-12
-410 (base 6) to base 10
-150
Convert 153 (base 7) to base 15.
5c
-15 (base 12) to base 8
-21
-33 (base 7) to base 10
-24
Convert -340 (base 6) to base 2.
-10000100
Convert 171 (base 8) to base 7.
232
Convert -151 (base 14) to base 7.
-531
-4 (base 5) to base 8
-4
Convert 11101 (base 2) to base 5.
104
Convert -3 (base 8) to base 10.
-3
-111 (base 3) to base 13
-10
Convert 1 (base 10) to base 2.
1
What is -104 (base 8) in base 5?
-233
What is -1 (base 16) in base 4?
-1
What is 11 (base 16) in base 2?
10001
What is a (base 15) in base 10?
10
Convert 0 (base 2) to base 14.
0
What is 5 (base 8) in base 13?
5
What is 5 (base 10) in base 5?
10
300 (base 5) to base 13
5a
What is -1 (base 2) in base 16?
-1
35 (base 9) to base 2
100000
-41 (base 7) to base 16
-1d
What is 0 (base 9) in base 5?
0
-12 (base 3) to base 5
-10
What is -355 (base 8) in base 3?
-22210
What is 4 (base 7) in base 15?
4
What is -2 (base 4) in base 2?
-10
Convert 104 (base 5) to base 3.
1002
Convert 3 (base 13) to base 5.
3
What is -12 (base 3) in base 5?
-10
-70 (base 13) to base 15
-61
4 (base 6) to base 8
4
-340 (base 5) to base 2
-1011111
Convert 3 (base 7) to base 2.
11
-14 (base 10) to base 3
-112
What is -5 (base 6) in base 10?
-5
Convert -14 (base 5) to base 7.
-12
-1111 (base 5) to base 6
-420
What is -7 (base 16) in base 6?
-11
What is 6 (base 15) in base 2?
110
Convert 4 (base 10) to base 11.
4
What is -a (base 14) in base 4?
-22
What is -20 (base 4) in base 13?
-8
Convert 13 (base 6) to base 11.
9
What is 75 (base 9) in base 12?
58
Convert -2 (base 7) to base 4.
-2
-1a (base 12) to base 5
-42
7 (base 15) to base 2
111
Convert 12 (base 14) to base 12.
14
What is -a (base 14) in base 7?
-13
Convert -11102 (base 3) to base 7.
-230
What is 130 (base 6) in base 5?
204
What is -2 (base 10) in base 5?
-2
Convert -14 (base 5) to base 12.
-9
What is -32 (base 5) in base 6?
-25
Convert 40 (base 5) to base 10.
20
What is 116 (base 13) in base 9?
228
Convert -3 (base 5) to base 15.
-3
Convert 353 (base 6) to base 15.
96
1001 (base 3) to base 15
1d
-2 (base 9) to base 6
-2
What is -11 (base 15) in base 9?
-17
Convert -403 (base 6) to base 5.
-1042
What is 7 (base 8) in base 5?
12
What is -a (base 13) in base 15?
-a
What is 6 (base 10) in base 5?
11
What is -2 (base 3) in base 16?
-2
-101 (base 2) to base 16
-5
-10 (base 3) to base 12
-3
What is 11 (base 3) in base 15?
4
Convert -133 (base 5) to base 8.
-53
Convert -10121 (base 3) to base 12.
-81
-22 (base 11) to base 3
-220
What is 5 (base 9) in base 13?
5
What is a (base 16) in base 9?
11
What is 337 (base 8) in base 16?
df
Convert -35 (base 15) to base 13.
-3b
What is 71 (base 11) in base 15?
53
Convert -100 (base 5) to base 12.
-21
Convert 101 (base 2) to base 5.
10
Convert -1222 (base 3) to base 11.
-49
Convert -3 (base 16) to base 5.
-3
Convert 302 (base 7) to base 14.
a9
Convert 47 (base 12) to base 9.
61
Convert -1 (base 9) to base 13.
-1
What is 6 (base 7) in base 12?
6
-141 (base 6) to base 10
-61
Convert 1 (base 2) to base 16.
1
13 (base 8) to base 3
102
Convert 15 (base 11) to base 3.
121
What is -36 (base 7) in base 11?
-25
What is -163 (base 16) in base 10?
-355
What is -a (base 16) in base 14?
-a
What is -64 (base 15) in base 14?
-6a
Convert -7 (base 11) to base 8.
-7
What is 2220 (base 3) in base 13?
60
Convert -e (base 15) to base 2.
-1110
Convert 1 (base 14) to base 4.
1
67 (base 8) to base 5
210
2 (base 6) to base 7
2
3 (base 4) to base 6
3
Convert 20 (base 9) to base 14.
14
What is 1043 (base 7) in base 9?
455
Convert -2 (base 4) to base 3.
-2
What is 2 (base 14) in base 13?
2
4 (base 7) to base 16
4
What is 5 (base 10) in base 14?
5
Convert -21 (base 5) to base 13.
-b
Convert 2 (base 6) to base 11.
2
What is 6 (base 16) in base 6?
10
Convert -29 (base 11) to base 7.
-43
Convert -1 (base 12) to base 2.
-1
Convert -45 (base 7) to base 5.
-113
Convert -41 (base 5) to base 13.
-18
What is 9 (base 10) in base 2?
1001
Convert 111111 (base 2) to base 13.
4b
-210 (base 4) to base 12
-30
Convert 5e (base 16) to base 12.
7a
What is 303 (base 4) in base 9?
56
-100 (base 2) to base 6
-4
2 (base 13) to base 6
2
Convert 77 (base 8) to base 11.
58
What is 0 (base 13) in base 2?
0
What is 3 (base 14) in base 12?
3
What is -12 (base 4) in base 9?
-6
What is -1 (base 6) in base 14?
-1
Convert -14 (base 5) to base 9.
-10
What is -6 (base 10) in base 12?
-6
d (base 15) to base 11
12
Convert -2 (base 13) to base 10.
-2
What is -1321 (base 4) in base 2?
-1111001
Convert -12 (base 3) to base 7.
-5
What is -1 (base 8) in base 6?
-1
What is 1 (base 13) in base 6?
1
Convert -1 (base 5) to base 4.
-1
0 (base 10) to base 13
0
-113 (base 4) to base 5
-43
What is -1 (base 7) in base 6?
-1
0 (base 10) to base 3
0
What is 201 (base 3) in base 11?
18
Convert 152 (base 13) to base 8.
354
Convert -1104 (base 5) to base 3.
-12201
Convert -1010 (base 